t i(b) = -40*b**3 - b**2 + 4*b + 4. What is the units digit of i(-4)?
2
Suppose -2*j = 0, 2*v + 5*j + 0*j - 10 = 0. Suppose n = 4*x + 96, -v*n = -4*x - 366 - 34. What is the units digit of n?
6
Let m = 6 - 2. Let r be ((-3)/m)/(21/(-112)). What is the units digit of r - (-35 - (-4)/4)?
8
Suppose 4 + 2 = 2*u. Let a(v) = -5*v**2 - v**3 + 4 + v**u + 0*v**2 - 6*v + v**3. What is the units digit of a(6)?
4
Suppose 2*n + 26716 = 5*m, 5*m - 3*n - n - 26712 = 0. What is the tens digit of m?
4
Let x(r) = -215*r + 50. What is the thousands digit of x(-6)?
1
Suppose 5*p = -30 - 10. Let z = p + 35. Let v = z - 0. What is the units digit of v?
7
Suppose -6 = -0*m - 2*m. Let n be 0 - m/((-6)/44). Let l = -4 + n. What is the tens digit of l?
1
Suppose 5*x + 3*g = 5004, 4*g + 3055 = 5*x - 1963. What is the units digit of x?
2
Suppose -8*k = -7*k + 18. What is the tens digit of -8*3*4/k*15?
8
Suppose 4*z - 741 = -3*l, -5*z + 570 = -l - 361. What is the hundreds digit of z?
1
Suppose -21*c = -30*c + 1332. What is the hundreds digit of c?
1
Suppose -3*s - c + 792 = 0, 2*s + 2*s = 5*c + 1056. What is the tens digit of s?
6
Let s be ((-670)/(-40))/(1/(-8)*-2). What is the hundreds digit of s*(-3)/(-1) + 10 + -14?
1
Let s = 35 - -4. Let d = s + 18. What is the units digit of ((-1976)/d)/(4/(-6))?
2
Suppose -3*d = -9*d. Suppose 35*h - 31*h - 268 = d. What is the units digit of h?
7
Let y = 482 - 335. Let s = -60 + y. What is the tens digit of s?
8
Let r(o) = o - 9. Let f be r(9). Suppose f = 2*k - 215 + 65. Suppose 0 = -4*h + 4*c - 3*c + k, -62 = -3*h - 5*c. What is the units digit of h?
9
Let h = -25 + 18. Let s be (-458)/h - (-8)/14. Let u = 119 - s. What is the units digit of u?
3
Let u be (30/(8/(-4)))/(-3). Suppose u*d + 2*j = 462 - 180, -60 = -d - 4*j. What is the tens digit of d?
5
Let x(h) = 3*h**2 + 3*h + 2. Let u be x(-4). Let w = u - -33. What is the tens digit of w?
7
Let g = 23 - -143. What is the units digit of g?
6
Suppose 0 = -o + 3 - 9. Let p be 15*(22/o - -2). Let j = p - -40. What is the tens digit of j?
1
What is the hundreds digit of (-18346)/(-11) - (1744/88 - 20)?
6
Suppose -2*x + 40 = -4*x. Let h = x - -27. Suppose 4*b - 95 = -h. What is the tens digit of b?
2
Let m(v) = v**3 - 9*v**2 - v + 1. Let x be m(9). Let p be -2*((-4)/x - 0). What is the units digit of 1/(-4*p/208)?
2
Let c(x) = -8*x - 3*x**3 + 0*x**3 - 3 + 0*x - 9*x**2 + 2*x**3. Let z be c(-8). What is the units digit of (z - -6) + (-2 - -25)?
6
What is the hundreds digit of (2*82)/((-58)/(-203))?
5
What is the tens digit of 11/(-33)*((-5 - 0) + -655)?
2
Let s = -2154 + 3352. What is the thousands digit of s?
1
Suppose -80 = 8*v + 152. Let r = v - -71. What is the units digit of r?
2
Let c = 430 - 251. What is the tens digit of c?
7
Let i(n) = 136*n + 62. What is the units digit of i(6)?
8
Let d be (18/(-15))/(4/10). Let q be -3*d/9 + 1. Suppose 0 = -q*a + 44 + 10. What is the tens digit of a?
2
Suppose -2*b + b = 3*c - 654, 0 = c - 3*b - 208. What is the units digit of c?
7
Let g be (-12)/66 - 6635/(-11). Suppose 4*q - x - g = -6*x, 0 = 2*q + 4*x - 306. What is the tens digit of q?
4
Let p(x) = 2*x - 12. Let c be p(14). Suppose 5*y + 4*t - 11 - 9 = 0, 2*t - c = -4*y. Let h = 8 - y. What is the units digit of h?
4
Suppose 480 = 3*p + 108. Let l = p - 70. What is the units digit of l?
4
Let x be (-2)/1 + 1*(8 + -6). Suppose x = -z - 13*z + 1428. What is the tens digit of z?
0
Suppose -4*h - 728 = -2*r, -3*r + 2*h + 0*h = -1100. Let j = -144 + r. What is the tens digit of j?
2
Suppose 0 = 9*k - 11753 + 755. What is the thousands digit of k?
1
Let p(j) = -60*j - 7. Let m be 2/((-4)/(-8)*-2). What is the hundreds digit of p(m)?
1
Suppose k + 3*k - 6 = -u, -6 = -3*k. What is the units digit of -1 + (u - 20/(-5))?
1
Let s be (-3)/6*(-1 + 1). Let o = 18 - 15. Let i = o - s. What is the units digit of i?
3
Suppose 0 = -3*s - 2*k + 7047, 0 = 5*s + 4*k - 14073 + 2328. What is the tens digit of s?
4
Let a(x) = -x**3 + 43*x**2 - 27*x - 58. What is the tens digit of a(41)?
9
Let x(b) = 7*b + 5. Let t be x(5). Let w be -7 + -1 + (-3)/(6/8). Let k = t + w. What is the units digit of k?
8
Suppose 11*s - 5*s = 18. Suppose 0*x = -s*x + 3*a + 189, 4*a + 188 = 3*x. What is the tens digit of x?
6
Let m be ((-28)/70)/((-3)/1830). Let j = m - 21. What is the tens digit of j?
2
Let a(o) = 4*o**2 + 50*o - 6. What is the units digit of a(-21)?
8
Let r(c) = 2*c**2 + 8*c - 1. What is the tens digit of r(-19)?
6
Let l = 3093 + -1822. What is the hundreds digit of l?
2
Let t(w) = -12*w + 48. Let p(s) = 4*s - 16. Let m(l) = -16*p(l) - 5*t(l). Let o(h) = -20*h + 12. Let i be o(1). What is the tens digit of m(i)?
4
Suppose -g - 1387 = -4*g - 2*h, -4*h - 1375 = -3*g. Suppose 141 - g = -2*n. What is the units digit of n?
0
Let s(v) = -v**2 - 4*v + 8. Let b be s(-5). Suppose b*x = -5*q + 43, 0 + 13 = q + 5*x. Suppose q*g - 124 = 4*g. What is the units digit of g?
1
Suppose 30 = -m + 6*m. Suppose 22*v = 20*v + m. What is the units digit of -2 - (-27 - (-1 + v))?
7
Let b = 4563 + -1125. What is the thousands digit of b?
3
Suppose -4*b - 14 = 5*c - b, 4*b = 8. What is the hundreds digit of 9/(9/c) - -127?
1
Let z(f) = -4*f**2 + 3*f + 2. Let r be z(-1). Let u(w) = -w**3 - 4*w**2 - 5*w. What is the tens digit of u(r)?
5
Suppose 37*t = 22*t + 8475. What is the units digit of t?
5
Suppose 1374 = -16*d + 5694. What is the units digit of d?
0
Suppose -15940 = -7*z - 3*z. What is the thousands digit of z?
1
Suppose -i - 4*i + 60 = 0. Let b be -4 + 3/(i/44). Suppose b*l - 174 - 288 = 0. What is the tens digit of l?
6
Let j(b) = 6*b - 24 - 19 + 121*b**2 + 48. What is the units digit of j(-1)?
0
Let z(q) = 7*q**3 - 3*q**2 + 3. What is the hundreds digit of z(4)?
4
Suppose -v = -2*s + s, -2*s = 4*v. Suppose s*y = -7*y + 329. What is the units digit of y?
7
Let b(t) = t - 1. Let d be b(10). What is the units digit of 105*(21/d - 2)?
5
Let k = -9 - -17. Suppose 11*y - 852 = k*y. What is the tens digit of y?
8
Let i(n) = -n - 6. Let w be i(7). Let l = 0 - 18. Let f = w - l. What is the units digit of f?
5
Suppose -4*m - 3180 = -5*b, 2575 = 4*b + 4*m - m. What is the tens digit of b?
4
What is the thousands digit of 4 + 1051 - (-9 - -1)?
1
Let q = 10 + -14. Let y be 12/q + 3 + 0. Suppose 4*t = t - 4*n + 90, y = 4*n. What is the tens digit of t?
3
Let u(k) = k**3 - k**2 + k + 2. Let w be u(0). Suppose j + w = 0, r - 3*j = 5*r - 102. Let p = r + -14. What is the units digit of p?
3
Let j(z) = -47 + 9*z + 92 - 48. What is the tens digit of j(2)?
1
Suppose 2*c + 2 = c. Let r be (3 + -1)/(c/(-8)). Suppose o - 12 = r. What is the tens digit of o?
2
Let k = 1376 - 758. What is the units digit of k?
8
Let v = 151 + 173. Suppose -v = -5*o + o. What is the tens digit of o?
8
What is the tens digit of (-67)/2*232/(-58)?
3
Let f(x) = x**3 - 15*x**2 + 21*x + 7. What is the hundreds digit of f(15)?
3
Let m = -560 - -918. Suppose -210*c - m = -212*c. What is the hundreds digit of c?
1
Let i(l) = 6*l**3 + 2*l**3 - 7*l**3 + 5 - 13*l - 12*l**2. Let h be i(13). Suppose 2*s = -h*x + 93, x - 4*s + 8 = 31. What is the tens digit of x?
1
Let j = -110 + 114. What is the tens digit of -10*j/6*-18?
2
Suppose 2*x - 129 = -3*z - 0*x, 0 = -4*z + 5*x + 172. Let q = -21 + z. What is the tens digit of q + (-1)/(-2)*2?
2
Suppose -3*s + 3*d - 141 - 21 = 0, 4*s + 225 = d. Let p = s - -65. What is the units digit of p?
8
Let o be (-10 + 5)*(28/(-20) + 2). Let b(g) = 26*g**2 + 4*g - 1. What is the units digit of b(o)?
1
Suppose 56 + 609 = 5*t. Suppose -2*b + t = -b. What is the tens digit of b?
3
Suppose -404*w = -396*w - 35176. What is the units digit of w?
7
Let n(i) = 2*i - 4 + 8*i - 15*i. What is the units digit of n(-4)?
6
Let y(i) = 1141*i**3 - 5*i**2 + 7*i - 1. What is the hundreds digit of y(1)?
1
Let p(s) = 29*s - 5. Let n(q) = -15*q + 2. Let o(r) = 14*n(r) + 6*p(r). Let d = -7 + 6. What is the tens digit of o(d)?
3
Let x(r) = 2*r**2 - 5*r + 4. Let l be x(3). Let m = -17 + l. What is the units digit of ((-16)/m)/((-2)/(-35))?
8
Let t be (56/12)/(2/(-3)). Let i(o) = -o**3 - 7*o**2 + o - 1. Let m be i(t). Let b(x) = x**2 + 5*x - 9. What is the units digit of b(m)?
5
Suppose n - 2*a = 1245, 4*a + 6280 = 5*n + 5*a. What is the units digit of n?
5
Suppose 217*c + 